r of s and z?
1
Suppose -3 = -3*g + 18. What is the greatest common factor of 14 and g?
7
Suppose -4*h - 20 = 0, 5*u = 5*h - 2*h + 50. Suppose 2*f - 3 = 3. Suppose -4*m + f = -m. What is the greatest common divisor of u and m?
1
Let i(c) = c**2 + c. Let m be i(1). Let x be 6 - (7 - m - 2). Suppose -4 + 99 = x*n - 4*t, 4*n = -5*t + 75. What is the greatest common divisor of 100 and n?
25
Let u be (-7)/(((-7)/9)/7). What is the highest common divisor of 9 and u?
9
Suppose -4*t + 2*i = t - 43, 4*i = -3*t + 5. What is the greatest common factor of t and 63?
7
Let v(i) = i**2 + 4*i - 3. Let m be v(-6). Suppose -4*d = -49 + m. Calculate the greatest common divisor of 30 and d.
10
Let o(q) = 5*q**2 + 4*q - 13. Let k be o(-8). Calculate the greatest common divisor of k and 25.
25
Let z = -50 - -145. Calculate the greatest common factor of 19 and z.
19
Let b(s) = -15*s + 57. Let f be b(-7). Suppose -5*a + 121 = 31. What is the highest common divisor of f and a?
18
Suppose g - 9 = -2*g. Let w(u) = -3*u + u + 6*u**2 + 0*u**2. Let s be w(g). Calculate the highest common factor of 6 and s.
6
Let q(t) = -5*t**2 - 21*t - 20. Let r(v) = -3*v**2 - 14*v - 13. Let k(i) = 5*q(i) - 8*r(i). Let d be k(6). Calculate the greatest common divisor of d and 4.
2
Let j be 2/(8 + -2) + (-76)/(-6). Let c = -34 + 47. What is the highest common factor of c and j?
13
Let m = 37 - 34. What is the greatest common divisor of m and 15?
3
Let g(u) = -u**2 - 2*u + 3. Let p be g(-3). Suppose a + p*a - 55 = 0. Calculate the greatest common divisor of 11 and a.
11
Suppose 0 = 2*n - n + 2. Let b = n - -8. Suppose 5*p + 0*p - 16 = -l, -5*l = -p - 2. Calculate the highest common divisor of l and b.
1
Let p = -3 - -13. Suppose 6*v + 144 = p*v. Calculate the greatest common divisor of 36 and v.
36
Suppose 3*u + 3*b = 48, -2*b = 4*u - 3*b - 59. Suppose -405 = -4*h + h. What is the greatest common divisor of h and u?
15
Suppose -2*v = 3*s - 31, 50 = 4*s + v + 17. What is the greatest common factor of s and 49?
7
Let d(b) = 24*b**2. Let x be d(1). Suppose -5*v + 1 + x = 0. Suppose 0 = -5*t + v + 55. Calculate the highest common divisor of 60 and t.
12
Let h be -4 - -1 - 16/(-2). Let i be 2/2 - (-60)/h. Calculate the highest common factor of 91 and i.
13
Let y be ((-2)/4)/(1/28). Let x be (-7)/(y/(-8))*-16. Suppose 0 = j + 4 - x. Calculate the highest common factor of j and 20.
20
Let d(k) be the first derivative of -3 + 7/2*k**2 - 11*k. Let j be d(8). Calculate the highest common factor of 5 and j.
5
Let b = 20 + -16. Suppose n - 1485 = -b*n. What is the highest common divisor of n and 27?
27
Suppose -2*d - 3*l = 2*d - 124, d - 36 = -2*l. What is the highest common factor of 308 and d?
28
Let t be 0/((-3)/(3/(-1))). Let b be 3*-1*(-7 + t). Calculate the greatest common factor of b and 189.
21
Suppose 4*o = 22 + 2. What is the greatest common factor of 66 and o?
6
Let b be -2 + 49 - 2/(-2). Suppose 3*q - 5*q = -b. Suppose -w + 5 = -3*x - 0*x, -w + 5*x = -3. Calculate the greatest common factor of w and q.
8
Let m be (3 + -7)*((-27)/4 - 0). Calculate the greatest common factor of 18 and m.
9
Let j = 2 - -2. Suppose -v + 5*o + j = 0, -2*o + 3*o = -2*v + 8. Calculate the greatest common divisor of 36 and v.
4
Let x be (18/(-24))/(2/(-24)). Calculate the highest common divisor of x and 9.
9
Let m = -21 + 39. Let f = 122 + 4. Calculate the highest common factor of m and f.
18
Let o = -6 + 8. Let x(z) = z**2 - 5*z - 2. Let r be x(-3). What is the highest common factor of r and o?
2
Let x = -9 - -14. Suppose -2*i - 23 = x*r, -2*i + r + 4 + 3 = 0. Calculate the greatest common factor of i and 3.
1
Let d = 22 + -15. Calculate the highest common divisor of d and 35.
7
Suppose -5*b + 3 + 12 = 0. Suppose 3*j - 180 = -b*f, 5*f = 7 + 8. Suppose 0 = -2*d + j + 41. What is the greatest common divisor of 7 and d?
7
Suppose c = -2*c - 2*i + 352, 3*c - 376 = 4*i. What is the greatest common factor of c and 24?
24
Let b be (1 + 0)/(2/26). What is the highest common factor of 39 and b?
13
Let b(z) = z**2 - z + 7 + z**3 + 5*z**2 + 0. Let j(a) = -2*a - 2. Let l be j(2). Let t be b(l). What is the greatest common factor of t and 130?
13
Suppose -5 = -4*c + 7. Let f = c - 0. Calculate the greatest common divisor of f and 12.
3
Suppose 3*m - 3*j + 245 = 8*m, 3*j + 223 = 4*m. Let k(q) = 7*q - 1. Let v be k(2). What is the highest common factor of v and m?
13
Suppose -3*q - 4*f + 70 = 2*q, 0 = 2*q - 4*f - 56. Calculate the greatest common divisor of q and 126.
18
Let w(o) be the first derivative of -51*o**2/2 + 5*o - 2. Let k be w(-4). Suppose 0 = -4*b + 77 - 1. Calculate the greatest common divisor of b and k.
19
Let z be (2/(-4 - -8))/(2/48). What is the highest common factor of 108 and z?
12
Let z = 112 - 49. Let g(t) = -t + 11. Let l be g(4). What is the highest common factor of l and z?
7
Suppose 0 = -x + 34 + 7. What is the greatest common factor of 451 and x?
41
Let y = 1 + 7. Let r(u) = u**3 - u**2 - 2*u. Let q be r(2). Let x be q - (-8 - 1) - 1. What is the greatest common factor of y and x?
8
Let w be -2*2 + 3/(12/272). What is the highest common divisor of w and 8?
8
Let k(v) = -4*v**3 - 2*v**2 - 3*v - 5. Let p be k(-2). Calculate the highest common factor of 5 and p.
5
Suppose g = -9 + 1. Let n(j) = -6*j - 12. Let r be n(g). Suppose 2*k = 6*k - r. Calculate the highest common divisor of 36 and k.
9
Let o(d) = -16*d + 4. Let i(a) = -7*a**3 - a. Let l be i(1). Let h be o(l). Calculate the greatest common divisor of h and 12.
12
Let b(i) = 21*i - 5. Let c be b(-9). Let x = c + 274. Suppose 5*a - 2*a = 96. What is the highest common divisor of a and x?
16
Let n = 1 + 0. Let f(x) = 11*x**2 + x. Let i be f(n). What is the highest common factor of 132 and i?
12
Let c = 97 - 46. Calculate the greatest common factor of 17 and c.
17
Let r = -2 + 7. Suppose r*l - t = 104, -l - 3*t + 88 = 4*l. What is the greatest common divisor of l and 30?
10
Let p(f) = 2*f + 17. Let v(m) = -m + 1. Let q(s) = p(s) + 3*v(s). Suppose -2*t = t. Let z be q(t). What is the greatest common factor of 8 and z?
4
Suppose 5*t = -3*b - 29, -3*b + 4*b - 13 = 4*t. Let w be 11*(3 + 1 + b). Let n = -6 + w. What is the greatest common factor of 25 and n?
5
Suppose -45 = -3*k + 9. What is the highest common divisor of k and 63?
9
Suppose 5*u - 80 - 250 = 0. Let q(w) = -2*w**2 - 8*w + 6. Let t be q(-4). What is the highest common factor of u and t?
6
Suppose 4*c - 6 = -2, 4*q = -3*c + 183. What is the highest common divisor of 5 and q?
5
Let q = 25 + -19. Calculate the greatest common divisor of q and 6.
6
Suppose -4*a = -0*a - 20, -a = -y - 4. Let o be y/4 + 3234/24. Calculate the highest common factor of o and 15.
15
Let l be ((-3)/(-2))/(1/36). Suppose v = -3*v. Suppose 2*h + v*h = 12. What is the highest common divisor of h and l?
6
Suppose 0 = -5*n + 4*y + 872, 4*n + 3*y = -63 + 773. Suppose j = -d + 16, -5*j + 36 = -d - 44. What is the greatest common factor of j and n?
16
Suppose -5*k = 2*m - 41, -2*m + 8*k + 37 = 9*k. What is the greatest common factor of m and 162?
18
Let r be (1 + (2 - 4))*-1. Let k(w) = 4*w**2 + 1. Let m be k(r). Suppose 2*b - 2*o - 4 = 2, -5 = -3*b + m*o. What is the greatest common factor of b and 40?
5
Let h(o) = -1. Let b(n) = -n - 2. Let y(z) = b(z) - 2*h(z). Let v be y(0). Suppose v = -2*x - x + 21. What is the highest common divisor of x and 28?
7
Let w(d) = 2*d + 1. Suppose -2*g - 8 = 2*g. Let a be w(g). Let q be (-10)/a*48/20. Calculate the greatest common factor of q and 1.
1
Suppose -5*p + 77 = -33. Let n = 77 - 22. What is the highest common factor of n and p?
11
Let f be (-4)/(38/42 - 1). Suppose -1 = 4*z - x, -5 = z - 6*z - 5*x. Let n(r) = -r**3 + r + 6. Let o be n(z). What is the greatest common factor of o and f?
6
Suppose 6*p - 274 = -3*x + 4*p, 0 = -5*x - 3*p + 455. What is the highest common factor of x and 8?
8
Let q(n) = n**2 + 7 + 14 - 8 - 15*n + 3*n. Let v be q(11). Let x = -13 - -33. Calculate the highest common factor of x and v.
2
Let t(x) = -x**2 + 2*x + 30. Let c be t(0). What is the greatest common factor of 30 and c?
30
Suppose 5*k - 481 = 3*i, 3*i + 101 = -k + 2*k. Calculate the greatest common divisor of 19 and k.
19
Suppose 0 = 5*x - 2*d - 8 - 16, 0 = x - d - 6. Let g(m) = m**3 - 7*m**2 + 